) = -2*b + 69. What is the units digit of w(q)?
9
Suppose 5*a = -2*l + 1650, 2*l = 4*a + 2529 - 915. What is the hundreds digit of l?
8
Let y(u) = -u**2 + u - 64. Let f be y(0). Let v = -9 + f. Let t = v + 112. What is the units digit of t?
9
Let s(q) = -q**2 - q + 5. Let t(y) = 2*y**2 + 2*y - 11. Let o(f) = 9*s(f) + 4*t(f). Let r be o(0). What is the units digit of r/3 - 20/(-12)?
2
Suppose -2*d + 0*d + 3*a = -584, 5*d - 1479 = -2*a. What is the units digit of d?
5
Let a be 429/(-12)*(-5 + (-1)/(-1)). Let z = 261 - a. What is the hundreds digit of z?
1
Let d(n) = 5*n**2 - 7*n - 4*n**2 + n + 17. What is the units digit of d(4)?
9
Suppose -9*z - 21 = -10*z. What is the tens digit of (z/4)/(10/40)?
2
Let s(y) = y**2 + 10*y - 12. Let h = 26 + -37. Let v be s(h). What is the units digit of (2 - v - 2)*2?
2
Let p be -4 + 3 + 1 + 5. Suppose 0 = -2*l - p*c + 47, -3*l + 113 = -c. What is the tens digit of l?
3
Let z = -23 + 41. Suppose -14*r - 108 = -z*r. What is the tens digit of r?
2
Suppose -3615 = -8*a + 2817. What is the tens digit of a?
0
Let q be (-663)/(-5) + (-18)/(-45). Suppose f - 50 = -2*x, 2*f - q = -x - 39. What is the units digit of f?
6
Let f(z) = z**3 - 4*z**2 - 3*z - 4. Let k be f(5). What is the tens digit of 4/(-6)*(-603)/k?
6
Let s be 2/(-4)*-8*(-24)/(-3). What is the units digit of 8/s + (-2278)/(-8)?
5
Suppose 3*k - 2*c = 2*c + 13, -4*k + 3*c + 15 = 0. Suppose 3*a - 9 = 0, -5*q + 292 + 32 = k*a. What is the tens digit of q?
6
Let q(f) = -f**2 - f + 1542. What is the tens digit of q(0)?
4
Suppose -5*p + 2193 = -2142. What is the units digit of -2*6/((-36)/p)?
9
Suppose 5*k - 846 - 914 = 0. What is the hundreds digit of k?
3
Let m(g) = -g + 21. Suppose -5*i + 4 = -6. Suppose -4*b - 42 = i*j, -2*j - 22 = b + b. What is the tens digit of m(b)?
3
Let h = -2 - -8. Let j = h - 2. What is the units digit of j/(-18) + (-1038)/(-54)?
9
Let h = -5 + 14. Let p = h - 12. What is the tens digit of p/((-381)/186 + 2)?
6
Suppose 0 = 4*p - 14 - 2. Suppose p*v = 5*r - 30, -7 = 2*v - 5*r + 3. Let y = 23 - v. What is the units digit of y?
3
Suppose 23*m + 1098 = 24*m. What is the hundreds digit of m?
0
Let s(y) be the third derivative of y**6/120 + 13*y**5/60 + y**4 - 3*y**3/2 - 49*y**2. What is the tens digit of s(-10)?
5
Suppose -3*l = 3*m - 24, m + 0 - 13 = -2*l. What is the tens digit of (-10)/((-45)/39 + 1) - m?
6
Suppose -7*w + 68 = -3*w. Suppose 0 = 2*u - 3*c - 100 + w, 0 = 2*c + 2. What is the tens digit of u?
4
Let b = -85 - -133. Let f = 69 - b. What is the tens digit of f?
2
Let f(r) = -3*r - 10. Let j be f(-4). Suppose 4*k = -j*c + 194, -3*k = k - 2*c - 198. What is the tens digit of k?
4
Let s be 51/204 - ((-54)/(-8))/(-1). Let x(p) = p**3 - 3*p**2 - 11*p + 28. What is the hundreds digit of x(s)?
1
Let k(d) = -99*d - 558. What is the units digit of k(-44)?
8
Let h(u) = 4*u**2 - 7*u + 15. Suppose -4*a + 4*v - 12 = 0, 3*v + 2 = 2*v. What is the hundreds digit of h(a)?
1
Suppose -4*s - 4 = 0, -3*p = -6*p - 3*s - 27. Let t be 0 - p*1 - 3. Suppose -9*j + 80 = -t*j. What is the units digit of j?
0
Suppose -100*b = -146*b + 221996. What is the hundreds digit of b?
8
Let t(n) = -52*n - 45. Let b(r) = 77*r + 68. Let o(h) = -5*b(h) - 7*t(h). What is the tens digit of o(-13)?
4
Let c(f) = 6*f**3 - 14*f**2 + 25*f + 16. What is the tens digit of c(7)?
6
What is the units digit of (-3)/1 + -125 + 2435?
7
Let s(o) = -5*o**3 + 11*o**2 - 6*o + 45. What is the hundreds digit of s(-8)?
3
Suppose 4*z + 3*k = -z + 4, 10 = z - 4*k. Suppose 0 = 2*h + 4, -z*h + 27 = 4*t - 9. What is the units digit of t?
0
Suppose f = -5*b - 2*f - 17, 4*f = -5*b - 21. What is the tens digit of 2 + b - -98 - -2?
0
Let w = 5410 - 2951. What is the tens digit of w?
5
Suppose 3*s = -4*h + 691, 5*h + 262 = -4*s + 5*s. Let b = s + -125. What is the units digit of b?
2
Let n = 360 + -126. What is the units digit of n?
4
Suppose -19 = -4*i - 5*y, -y - 25 = -i - 3*i. Suppose -4*u - 222 = -i*u. What is the tens digit of u?
1
Let q(f) = -f - 11. Let c be q(-15). Suppose 4*i + c*m = 300, -2*i - i = -3*m - 219. What is the tens digit of i?
7
Let v be (-81 + 11)*3/(-2). Suppose -3*y + 0*y + v = 0. What is the units digit of y?
5
Suppose -6948 = -20*s + 18*s. What is the tens digit of s?
7
Let f(n) = 44*n + 154. What is the hundreds digit of f(14)?
7
Let a = -100 - -64. What is the hundreds digit of (-4605)/(-21) - (a/(-21))/6?
2
Let k(r) = 16*r - 11 + 13*r - 14*r - r**2 - 8. Let c be k(15). Let x = 6 - c. What is the tens digit of x?
2
Suppose -3*g + 4*o - 1 = 0, 0 = -3*g + o - 6*o - 46. Let w(r) = -5*r - 20. Let t(p) = -2*p - 10. Let v(n) = -5*t(n) + 3*w(n). What is the units digit of v(g)?
5
Let t = -3 + 6. Let d(a) = -a + 4 + 2*a + t + 7*a. What is the units digit of d(8)?
1
Let g = 1779 + -276. What is the thousands digit of g?
1
Suppose -2603 = -5*a - 483. What is the units digit of a?
4
Let o(a) = -3*a**2 + 3*a - 34. Let g be o(-6). Let k = g - -307. What is the hundreds digit of k?
1
Suppose 7341 - 42951 = -30*p. What is the hundreds digit of p?
1
Suppose -4*y + o - 5*o = 0, -o = -3*y + 12. Suppose m - 232 = -y*m. What is the tens digit of m?
5
Suppose -584 = -2*i + 816. Suppose 5*p = 5*u + i, 4*u + 272 = 2*p - 0*p. Suppose 0 = -3*l + 15, -o - 2*o = 3*l - p. What is the units digit of o?
3
Let x(i) = 11*i**2 - 13*i + 15. Let y(s) = 5*s**2 - 6*s + 7. Let v(h) = -4*x(h) + 9*y(h). Let p = 15 + -21. What is the tens digit of v(p)?
5
What is the units digit of 10 + (2 - 11) + 1205*1?
6
Suppose 5*g - 4*l = 13370, -3*g + l + 1229 = -6800. What is the units digit of g?
8
Let h = -129 + 92. Let u = h - -59. What is the tens digit of u?
2
Suppose 0 = -35*w - 688 + 51368. What is the units digit of w?
8
Suppose 5*o + 30 = 5*p, -2*o = 3*p + 3*o - 2. Suppose -5*k + 843 = -p*g, -g - 4*g - 678 = -4*k. What is the units digit of k?
7
Suppose 35*q = 39*q - 3188. What is the hundreds digit of q?
7
Suppose 4*d - 5*d - h + 23 = 0, 2*h + 32 = d. Suppose 4*y - y = -4*r - 52, 0 = -3*r + 3*y - 39. Let c = d + r. What is the units digit of c?
3
Let c(z) = z**3 - 3*z**2 + 9*z - 9. Let o(f) = -15 + 49*f**2 + 2*f**3 + 10*f - 52*f**2 + 5. Let p(a) = -6*c(a) + 5*o(a). What is the units digit of p(2)?
0
What is the units digit of ((2 - 325) + -2)*(-2)/5?
0
Let a(l) = -3 - 4 - 7*l - 4. Suppose -10 = 2*q + 4*o, 5*q + 25 = 3*o - 2*o. What is the tens digit of a(q)?
2
Let p = 407 + -274. What is the tens digit of p?
3
Let s(i) = 3*i + 49. Let y(z) = -8*z - 97. Let o(r) = 7*s(r) + 4*y(r). What is the hundreds digit of o(-14)?
1
Let p(n) be the third derivative of 17*n**4/24 - n**3/3 + 3*n**2. What is the units digit of p(4)?
6
Suppose -15*k + 12*k + 1710 = 2*w, 0 = -w - 2*k + 855. What is the units digit of w?
5
Let v(q) = 14*q**2 + 7*q - 26. What is the hundreds digit of v(6)?
5
What is the units digit of (40 + -1)/((-10)/((-2880)/27))?
6
Let u(j) = -18*j + 3. Let k be u(5). Let v = k + 133. What is the tens digit of v?
4
Suppose 3*q + 316 = -5*c + 2047, -4*c + 1376 = -2*q. What is the tens digit of c?
4
Let s(q) = q**2 + 6*q - 2. Let a be s(-5). Let o = -17 - a. What is the units digit of (-2 - -4)/((-5)/o)?
4
Suppose 7 = -8*p + 39. Suppose -12 = -7*b + p*b. What is the units digit of b?
4
Suppose -d + 280 = -4*n, -4*d + 5*n - n = -1084. Suppose 7*h = -2 + d. What is the tens digit of h?
3
Let a(t) be the second derivative of -t**4/12 - 2*t**3/3 + 3*t**2/2 + 6*t. Let i be a(-6). Let l = i - -20. What is the tens digit of l?
1
Let w = -1222 - -1928. What is the tens digit of w?
0
What is the tens digit of 4293 - (1 + 1)/(-15 + 17)?
9
Suppose 7590 = 5*o + 5*l, -l - 2459 = 4*o - 8546. What is the units digit of o?
3
Suppose -4*q - 313 = -u, -4*q + 2*u = -0*q + 314. Suppose -264 = 3*t + 2*t - 2*w, 0 = 3*t - 2*w + 156. Let l = t - q. What is the tens digit of l?
2
Suppose -2*k = -p - 2022, 4*k - 1521 - 2513 = -3*p. What is the tens digit of k?
1
Suppose i - 4*f - 208 - 4 = 0, 208 = i - 2*f. Suppose -2*k + u + i = 3*u, u = -2*k + 202. What is the hundreds digit of k?
1
Let t be (1 + -69)*(-15)/(-10). Let n = 166 + t. What is the units digit of n?
4
Suppose 0*s + 2*s = 0, -2*s - 18 = -3*a. Let c = -9 + a. What is the units digit of (-41)/c - 3/(-9)?
4
Suppose k - 30 - 34 = 0. Let t = k + -39. Let v = t - -24. What is 